ommon factor of 18 and 60.
6
Calculate the highest common divisor of 16932 and 96.
12
What is the greatest common factor of 5810 and 280?
70
Calculate the highest common factor of 192 and 168.
24
Calculate the highest common divisor of 10 and 5.
5
What is the highest common divisor of 33 and 39?
3
Calculate the greatest common factor of 6142 and 74.
74
What is the highest common divisor of 22 and 98?
2
Calculate the highest common factor of 1131 and 87.
87
Calculate the greatest common divisor of 621 and 2277.
207
Calculate the greatest common factor of 2827 and 22.
11
Calculate the greatest common factor of 2977 and 1603.
229
Calculate the greatest common factor of 9 and 87.
3
Calculate the highest common divisor of 1562 and 88.
22
What is the greatest common divisor of 65 and 55?
5
What is the highest common divisor of 642 and 18?
6
What is the greatest common divisor of 588 and 4536?
84
Calculate the greatest common factor of 924 and 3036.
132
Calculate the highest common divisor of 12 and 186.
6
Calculate the greatest common factor of 33 and 9097.
11
What is the greatest common factor of 1017 and 99?
9
Calculate the highest common factor of 138 and 184.
46
What is the highest common divisor of 286 and 2310?
22
Calculate the highest common divisor of 2158 and 52.
26
What is the greatest common factor of 16 and 112?
16
Calculate the highest common factor of 792 and 1656.
72
Calculate the greatest common divisor of 22032 and 60.
12
Calculate the greatest common factor of 414 and 18.
18
What is the greatest common divisor of 418 and 133?
19
What is the greatest common divisor of 77 and 88?
11
What is the highest common divisor of 12 and 228?
12
What is the greatest common divisor of 16 and 556?
4
What is the greatest common factor of 323 and 34?
17
What is the greatest common factor of 14 and 259?
7
What is the greatest common divisor of 550 and 10?
10
Calculate the highest common factor of 110 and 14080.
110
Calculate the greatest common factor of 1732 and 32.
4
What is the highest common divisor of 100 and 50?
50
Calculate the highest common factor of 531 and 22125.
177
What is the highest common factor of 6438 and 444?
222
What is the highest common divisor of 36 and 26184?
12
Calculate the greatest common factor of 2486 and 44.
22
What is the greatest common divisor of 3 and 4146?
3
What is the highest common divisor of 234 and 130?
26
Calculate the highest common divisor of 464 and 58.
58
Calculate the highest common divisor of 437 and 667.
23
Calculate the greatest common divisor of 3 and 141.
3
Calculate the greatest common divisor of 43 and 5633.
43
Calculate the highest common factor of 136 and 4811.
17
What is the greatest common divisor of 325 and 25?
25
What is the greatest common divisor of 2 and 47?
1
Calculate the greatest common divisor of 14 and 574.
14
What is the highest common divisor of 126 and 168?
42
Calculate the greatest common factor of 8274 and 42.
42
What is the highest common factor of 119 and 23?
1
What is the greatest common divisor of 10 and 70?
10
What is the greatest common factor of 45 and 8205?
15
Calculate the greatest common divisor of 168 and 525.
21
What is the greatest common factor of 66 and 26961?
33
What is the greatest common divisor of 63 and 511?
7
What is the highest common divisor of 375 and 300?
75
Calculate the greatest common factor of 722 and 76.
38
What is the greatest common factor of 44 and 16?
4
Calculate the highest common factor of 322 and 42.
14
What is the greatest common factor of 2158 and 39?
13
Calculate the highest common divisor of 1323 and 147.
147
Calculate the greatest common divisor of 12996 and 18.
18
Calculate the greatest common divisor of 997 and 5.
1
What is the highest common divisor of 66 and 891?
33
What is the highest common divisor of 2403 and 623?
89
Calculate the highest common divisor of 16 and 1000.
8
What is the greatest common factor of 1395 and 155?
155
What is the highest common factor of 18 and 57?
3
What is the highest common factor of 3550 and 994?
142
What is the highest common divisor of 3497 and 39?
13
What is the greatest common divisor of 16 and 208?
16
Calculate the greatest common divisor of 238 and 102.
34
Calculate the highest common divisor of 5 and 1355.
5
What is the highest common divisor of 160 and 25?
5
Calculate the greatest common divisor of 496 and 93.
31
What is the highest common factor of 42 and 448?
14
What is the greatest common divisor of 22 and 6886?
22
What is the highest common factor of 341 and 217?
31
Calculate the highest common divisor of 113 and 8023.
113
What is the greatest common divisor of 18 and 32?
2
What is the greatest common divisor of 232 and 584?
8
Calculate the highest common factor of 18 and 558.
18
Calculate the greatest common factor of 104 and 13.
13
Calculate the highest common factor of 30 and 2865.
15
What is the highest common divisor of 80 and 176?
16
What is the highest common divisor of 11 and 11055?
11
Calculate the highest common factor of 4 and 74.
2
Calculate the greatest common divisor of 42 and 406.
14
What is the greatest common factor of 1764 and 144?
36
Calculate the highest common factor of 90 and 7900.
10
Calculate the highest common factor of 13719 and 1076.
269
Calculate the greatest common divisor of 7134 and 123.
123
What is the highest common factor of 1075 and 50?
25
Calculate the greatest common factor of 2929 and 87.
29
What is the highest common factor of 16 and 1072?
16
Calculate the greatest common divisor of 350 and 252.
14
Calculate the highest common divisor of 2680 and 40.
40
What is the highest common divisor of 1599 and 273?
39
What is the greatest common divisor of 153 and 117?
9
What is the greatest common factor of 1377 and 17?
17
What is the highest common factor of 415 and 15?
5
What is the highest common factor of 92 and 3427?
23
Calculate the greatest common divisor of 3 and 93.
3
What is the greatest common divisor of 174 and 6?
6
Calculate the highest common divisor of 2494 and 145.
29
What is the highest common factor of 640 and 512?
128
Calculate the highest common divisor of 15 and 1355.
5
Calculate the greatest common divisor of 357 and 21.
21
Calculate the highest common factor of 78 and 351.
39
What is the highest common factor of 675 and 81?
27
Calculate the greatest common divisor of 1000 and 40.
40
Calculate the greatest common factor of 65538 and 198.
198
Calculate the highest common factor of 32759 and 141.
47
What is the highest common factor of 142 and 62?
2
What is the highest common factor of 817 and 301?
43
Calculate the highest common factor of 8 and 1436.
4
Calculate the greatest common divisor of 243 and 432.
27
Calculate the highest common factor of 8 and 104.
8
Calculate the greatest common factor of 9 and 369.
9
What is the highest common factor of 271 and 9214?
271
Calculate the greatest common factor of 19 and 1.
1
Calculate the greatest common divisor of 242 and 99.
11
Calculate the highest common divisor of 140 and 154.
14
Calculate the greatest common factor of 594 and 132.
66
Calculate the greatest common divisor of 144 and 312.
24
Calculate the highest common factor of 3 and 199.
1
Calculate the highest common factor of 2201 and 62.
31
What is the greatest common divisor of 2 and 32?
2
What is the highest common divisor of 96 and 29856?
96
What is the highest common divisor of 31735 and 55?
55
Calculate the highest common divisor of 88 and 12672.
88
What is the greatest common factor of 255 and 153?
51
Calculate the highest common divisor of 64 and 1.
1
What is the greatest common divisor of 143 and 2275?
13
Calculate the greatest common divisor of 7 and 1393.
7
Calculate the highest common divisor of 803 and 365.
73
Calculate the greatest common factor of 172 and 3225.
43
What is the greatest common factor of 53 and 265?
53
What is the highest common divisor of 144 and 7968?
48
Calculate the highest common divisor of 768 and 12.
12
Calculate the highest common factor of 6 and 196.
2
Calculate the highest common factor of 28574 and 7.
7
What is the highest common divisor of 41882 and 86?
86
What is the greatest common divisor of 42 and 231?
21
What is the greatest common divisor of 1573 and 1287?
143
Calculate the highest common d